 t(n) = 32*n**3 + 3*n**2 - n - 1. Is t(i) a composite number?
True
Suppose -h + 3*o = -692, 9 = 6*o - 3*o. Is h a composite number?
False
Suppose -35 = -5*q - 3*t, -2*t = -4*q - 0 + 6. Suppose 2*s = q*s - 466. Is s a prime number?
True
Is (3 - 5) + (3 - 2906/(-2)) prime?
False
Let i = 4 + 72. Let r = 51 + i. Is r a composite number?
False
Is 16358*((-5)/(-10) - 0) a prime number?
True
Let u(r) = r**3 - 17*r**2 + 10*r - 26. Let z be u(18). Is (3/6)/(1/z) a composite number?
False
Is (3156/(-18))/((-136)/66 + 2) composite?
True
Let m be 4/10*15*4. Suppose 5*j + 9 = m. Suppose -j*p = -1001 + 86. Is p composite?
True
Let a be (1229 - 3) + 3 - -3. Suppose -5702 + a = -6*u. Is u a prime number?
False
Let v(u) = u**3 + 4*u**2 + u - 1. Let w be v(-3). Suppose -w*l + 2*l + 9 = 0. Suppose g + g + l*j = 119, -3*g - j + 175 = 0. Is g composite?
True
Suppose -v - 3*v = -20. Suppose v*j - 4*j = 143. Is j a prime number?
False
Let d = -11 + 16. Suppose 0*g = -d*g. Suppose g = -5*w - 5*t + 490, 5*w + 2*t = -t + 488. Is w a prime number?
True
Let l(z) = -z - 4. Let j be l(-9). Let f(u) = 0 + j*u**2 + 5 - 8*u**2 - 2*u**3 - u. Is f(-4) prime?
True
Is (-6)/(-80)*8 - 2442/(-5) prime?
False
Is 7245 + -1 - 27/27 a prime number?
True
Suppose -15*b + 47812 = -143003. Is b composite?
False
Let v(c) = -7*c**3 - 7*c**2 - 6*c - 3. Let j be (-54)/13 - (-8)/52. Let t be v(j). Let g = -200 + t. Is g a composite number?
False
Let p = -22 - -80. Let f = p - 5. Is f composite?
False
Let p(k) = 2*k - 14. Let r be p(13). Suppose 0 = -14*l + r*l + 6074. Is l composite?
False
Let n = -434 - -900. Let f = n - -25. Is f a composite number?
False
Let z = -3686 + 8419. Is z a composite number?
False
Let y(i) = 29*i**3 + 11*i**2 + 3*i + 3. Is y(4) prime?
False
Let o(m) be the first derivative of m**3 + 15*m**2/2 + 4*m - 1. Let f be o(-5). Suppose 2*l + 294 = 2*z - 2*l, -f*l = 4. Is z composite?
True
Let n = 68 - 70. Is ((-1)/(-2))/(n + 1669/834) a prime number?
False
Let o = 19 + -27. Let v = o + 61. Is v prime?
True
Suppose 72835 = 3*a - 201194. Is a composite?
True
Suppose -3*q + 5*q = -5*a + 10, -2*a = 2*q + 2. Suppose a*h - 892 = 772. Let o = h - 289. Is o a composite number?
False
Suppose 5*v - 11836 - 27639 = 0. Is v prime?
False
Let r(a) = 2*a**3 + 13*a**2 - 42*a - 26. Is r(15) a composite number?
True
Suppose 5*s + 457 = -4*d, 5*s + 221 = 3*d - 5*d. Suppose 3*m - 4*j + 153 = 0, 3*m + 55 = j - 98. Let f = m - d. Is f prime?
True
Is 19*593 - (-60)/(-10) prime?
True
Suppose -2345 - 883 = -3*l. Suppose 3*n - l - 37 = 0. Is n a prime number?
False
Let m(y) = -y**2 + 9*y + 12. Let k be m(9). Suppose 0 = -8*u + 4*u + k. Suppose 0 = -5*a + 2*a + v + 766, 781 = u*a + 2*v. Is a composite?
False
Let v = -928 - -1373. Is v - (2 - (6 + -4)) a prime number?
False
Let l be 16/3*(-18)/(-12). Suppose -4*g = -l - 4. Suppose -7*x + 260 = -g*x. Is x a composite number?
True
Let y = -2488 + 4793. Is y composite?
True
Suppose 2*h + 652 = 4*x, 3*h - 164 = -x + 4*h. Is (4 + x - 0)*5/2 prime?
False
Let n(x) = 2 - 3 + 4 - 76*x. Is n(-4) composite?
False
Let g be (689/(-2))/(2/12). Is 3*g/(-9) + (0 - -2) composite?
False
Let k = -1 + 2. Let u(o) = -5*o**2 + 1. Let b be u(k). Let j(p) = -2*p**3 - 5*p**2 - 2*p - 3. Is j(b) prime?
True
Let y(q) = -q**2 - 10*q - 4. Let f be y(-9). Suppose 0 = m + f*v - 24 - 1, v - 14 = -2*m. Suppose 339 = 3*h + 2*w, m*w - 455 + 10 = -4*h. Is h a prime number?
False
Let o be ((-978)/5)/(3*8/(-60)). Let j = o + -278. Is j prime?
True
Suppose 16*l = 13*l - 1479. Let z = -98 - l. Is z a composite number?
True
Let n = 13 - 11. Suppose 1060 = -7*l + n*l + u, 653 = -3*l + 4*u. Let r = l - -434. Is r a prime number?
True
Suppose -n + 3*c - 7*c = 7, 3 = -5*n - 4*c. Let w(o) = o + 11*o**2 + 21*o**2 + 10*o**2. Is w(n) composite?
False
Is ((-85)/10)/((-1)/1762) prime?
False
Let q = 3307 + 1552. Is q composite?
True
Suppose 0 = -u - 2*j + 2393 + 7292, 38754 = 4*u + j. Is u a prime number?
True
Let j = 27 + -27. Suppose 3*h - 1408 = -q + 764, -h + 4*q + 711 = j. Is h prime?
False
Suppose o = -4*l + 89021, 4*o + 4*l + 215315 - 571459 = 0. Is o a composite number?
False
Let i(b) be the second derivative of 65*b**3/3 - b**2/2 + b + 67. Suppose 4*t + 0*t = 20. Is i(t) composite?
True
Let d(p) = 1 - 226*p + 5 + 229*p + p**2 - 4 - 91*p**3. Is d(-1) prime?
False
Suppose 0 = -5*a + 12*a - 3269. Let m = a - 130. Is m composite?
False
Suppose 0 = -u + 5*a + 33566, -3*u + 14082 + 86565 = 2*a. Is u composite?
True
Let n = -89 - -152. Suppose 4*d - n = 3*w + 16, -3*w - 60 = -3*d. Is d prime?
True
Let m(x) = -x**2 - 9*x + 10. Let s be m(-10). Suppose s = 2*n - n. Suppose n = 3*r + 4*q - 225, 4*r - 310 = -4*q + 2*q. Is r a composite number?
False
Let x(t) = t**3 + 6*t**2 + 3*t - 6. Let k be x(-5). Let l be (k/(-6))/(7/(-3465)). Suppose 3*s = 4*r - l + 2, 5*s + 99 = r. Is r a prime number?
True
Suppose -14*v + 10*v = -3*o + 6947, -4*v = 20. Is o prime?
True
Let i(k) = 154*k - 13. Let m(z) = -z**2 + 9*z + 27. Let w be m(11). Is i(w) a prime number?
True
Let h = -21 - -29. Is 8487/h + (-1)/(-8) a prime number?
True
Let g(c) = 303*c**2 + 2*c + 4. Let t be g(-3). Let k = t + -1128. Is k prime?
True
Let w(h) = 354*h**2 + 10*h - 25. Is w(3) composite?
False
Let r = -26892 + 41513. Is r a prime number?
True
Suppose -j + 3*t = -11790, 3*t - 58968 = 2*j - 7*j. Let i = -6882 + j. Is i a prime number?
False
Let y be (2 + 4)/((-1)/12). Suppose -4*o + 3*o = -205. Let u = o + y. Is u composite?
True
Let m(p) = 18*p**2 - 8*p - 7. Let o(d) = 17*d**2 - 7*d - 6. Let u(g) = -2*m(g) + 3*o(g). Let w(a) be the first derivative of u(a). Is w(3) a prime number?
False
Suppose -4*z = 4*o - 188628, -3*o + 141473 = -0*o + 4*z. Is o a composite number?
True
Suppose -m = -4*m. Suppose m*g + 2*g + 6 = 0. Is (-2)/2 + 35 - g a composite number?
False
Let y = 35 - 13. Let f = y + 0. Suppose -f = -4*n + 102. Is n prime?
True
Suppose -9576 = -10*f + 81854. Is f prime?
False
Suppose l = 175 - 49. Suppose l = -3*a - 321. Let j = 276 + a. Is j a composite number?
False
Let d be 0/(2 - -2) - -3. Suppose -4*l - l + 1590 = -3*j, 958 = d*l - j. Is l + (-4*2 - -4) prime?
True
Suppose 70035 - 9353 = 2*z. Is z a prime number?
True
Suppose 0 = 3*d + 3*q + q + 8, 4 = -2*q. Is 3/12*2*(d - -614) composite?
False
Let d(j) = -10*j**3 + j**2 - 11*j + 13. Is d(-12) composite?
False
Let y = 26 + -22. Suppose -4*d + 4*u + 228 = 0, -y*d + 2*u = -0*u - 220. Is d a prime number?
True
Suppose 0 = s + 6*s + 1841. Is (3 - 2)/((-1)/s) prime?
True
Let b(x) = -26*x**3 - 12*x**2 + x - 6. Is b(-5) prime?
True
Let m be (5 + (-1 - 1))*1. Let n(g) = -10*g**2 + 2 + 6*g + 1 + 2*g**m + 2*g**2. Is n(5) prime?
True
Is 10106 + -1*(9 - 0) a composite number?
True
Suppose 30*p = -9*p + 273. Suppose 10 = -2*x - 4*r, 0*x + x = -5*r - 17. Is (1/x)/(p/2163) prime?
True
Suppose 2*k - k = -4*x + 26, 5*x - 31 = -2*k. Let z be 16/7 + (-2)/x. Suppose -p + 753 = z*p. Is p a prime number?
True
Suppose -5*c = -25, 0 = 4*g - g + 3*c - 27522. Is g a composite number?
True
Is (144/(-56))/(-9)*-14 - -116651 prime?
False
Suppose 34*t = 1437904 - 288534. Is t composite?
True
Let s = 4 - 4. Let y(v) = -99*v - 3 + s - 32*v. Is y(-2) a composite number?
True
Suppose -r + 3*w = -8, -r - 3*w = -5*r + 50. Let n = -23 + r. Let u(b) = 2*b**2 - 10*b - 3. Is u(n) prime?
False
Suppose 8*d = o + 13*d - 42974, 0 = -4*o - 2*d + 171806. Is o a composite number?
True
Suppose 3*o + x = 31936, 5*o - 63*x - 53221 = -59*x. Is o prime?
False
Let m(i) = 15*i**2 - 47*i - 185. Is m(34) prime?
False
Let b(d) = 9 + 4*d**2 + 2*d**2 - 3*d**2 - d. Is b(-7) a composite number?
False
Let h = -21 - -12. Let b = 9 + h. Suppose 2*k = -2*k - 5*n + 523, b = -2*k - n + 257. Is k a composite number?
False
Let w = 16028 + -8239. Is w prime?
True
Let h be 7 + (-2 + 5 - 5). Let s = 3 + h. Suppose -s*x + 265 = -3*x. Is x prime?
True
Let w = -146 + 163. Suppose -w*y - 5755 = -22*y. Is y a prime number?
True
Let h(a) = a - 2. Let b be h(-3). Let c = b + 10. Suppose -c*v = -25, 0 = -3*r + 2*v - 6*v + 2039. Is r a composite number?
False
Let i be (-3)/6*(-170)/(-5). Let b be -65*(-3 + i/(-5)). Let x = 49 + b. Is x a prime number?
True
Let r be (-196)/(-35)*95/(-2). Let n = r + 1226. Suppose -4*j = -92 - n. Is j a prime number?
True
Let i b